he tens digit of 622356156?
5
What is the millions digit of 33855269?
3
What is the billions digit of 1454805233?
1
What is the thousands digit of 105440917?
0
What is the units digit of 2505829693?
3
What is the ten millions digit of 57382812?
5
What is the tens digit of 39382820?
2
What is the tens digit of 8919435?
3
What is the thousands digit of 28642073?
2
What is the millions digit of 848206565?
8
What is the tens digit of 28982342?
4
What is the ten millions digit of 506864832?
0
What is the thousands digit of 42995106?
5
What is the ten millions digit of 35341442?
3
What is the tens digit of 18234186?
8
What is the tens digit of 38538077?
7
What is the hundred thousands digit of 580351054?
3
What is the hundreds digit of 21850203?
2
What is the ten millions digit of 11962585?
1
What is the tens digit of 115476914?
1
What is the ten thousands digit of 356926460?
2
What is the hundreds digit of 116259390?
3
What is the hundred millions digit of 3140841109?
1
What is the thousands digit of 603081151?
1
What is the hundred millions digit of 415239137?
4
What is the ten millions digit of 58723256?
5
What is the units digit of 27084039?
9
What is the hundred thousands digit of 313737356?
7
What is the tens digit of 27158345?
4
What is the thousands digit of 771986764?
6
What is the ten millions digit of 431952106?
3
What is the hundred thousands digit of 5082685477?
6
What is the ten thousands digit of 251069961?
6
What is the tens digit of 943051827?
2
What is the hundred thousands digit of 15318391?
3
What is the units digit of 1887611513?
3
What is the millions digit of 34898351?
4
What is the ten millions digit of 57770790?
5
What is the ten thousands digit of 227441458?
4
What is the millions digit of 23679574?
3
What is the hundred millions digit of 1990167517?
9
What is the tens digit of 149013826?
2
What is the thousands digit of 248962635?
2
What is the thousands digit of 163350466?
0
What is the ten thousands digit of 3776817818?
1
What is the units digit of 420264448?
8
What is the millions digit of 19896595?
9
What is the tens digit of 293678830?
3
What is the units digit of 52055221?
1
What is the hundred thousands digit of 7454484748?
4
What is the hundred thousands digit of 1685106361?
1
What is the tens digit of 1099473872?
7
What is the hundreds digit of 83679434?
4
What is the ten millions digit of 668751606?
6
What is the units digit of 19222659?
9
What is the hundreds digit of 483007629?
6
What is the millions digit of 483014986?
3
What is the thousands digit of 77576?
7
What is the millions digit of 224850686?
4
What is the ten millions digit of 2061358151?
6
What is the tens digit of 119323218?
1
What is the units digit of 1726770286?
6
What is the hundred millions digit of 681273007?
6
What is the tens digit of 48926673?
7
What is the thousands digit of 704451991?
1
What is the hundreds digit of 50953203?
2
What is the units digit of 46076519?
9
What is the millions digit of 3354292506?
4
What is the hundreds digit of 549634796?
7
What is the billions digit of 2413074519?
2
What is the hundreds digit of 229505757?
7
What is the tens digit of 3979281928?
2
What is the hundred thousands digit of 187889717?
8
What is the tens digit of 69871360?
6
What is the hundreds digit of 1897254174?
1
What is the tens digit of 34208655?
5
What is the ten millions digit of 65321083?
6
What is the tens digit of 21506619?
1
What is the millions digit of 50498022?
0
What is the hundred thousands digit of 320898130?
8
What is the ten thousands digit of 12787048?
8
What is the hundred millions digit of 1174838338?
1
What is the tens digit of 6485625280?
8
What is the hundred thousands digit of 445546017?
5
What is the hundreds digit of 106920398?
3
What is the hundreds digit of 157250964?
9
What is the ten millions digit of 308889545?
0
What is the ten millions digit of 533608892?
3
What is the thousands digit of 34424656?
4
What is the tens digit of 764674196?
9
What is the ten thousands digit of 3538626671?
2
What is the millions digit of 292622551?
2
What is the ten thousands digit of 3292502350?
0
What is the ten millions digit of 32053656?
3
What is the hundreds digit of 1888458092?
0
What is the hundred millions digit of 2047124755?
0
What is the millions digit of 9504427?
9
What is the thousands digit of 38601901?
1
What is the units digit of 1343710583?
3
What is the hundred thousands digit of 246056988?
0
What is the hundred thousands digit of 88324179?
3
What is the millions digit of 94512304?
4
What is the hundred millions digit of 221897113?
2
What is the millions digit of 1586175171?
6
What is the hundreds digit of 23144451?
4
What is the thousands digit of 88449343?
9
What is the ten thousands digit of 1771940161?
4
What is the units digit of 64660495?
5
What is the tens digit of 23599358?
5
What is the hundred thousands digit of 642371220?
3
What is the hundreds digit of 867730756?
7
What is the ten thousands digit of 102632272?
3
What is the hundreds digit of 4080562096?
0
What is the hundreds digit of 1983059250?
2
What is the hundred thousands digit of 92228003?
2
What is the billions digit of 2505770375?
2
What is the ten thousands digit of 264812109?
1
What is the thousands digit of 4946202?
6
What is the thousands digit of 1636459641?
9
What is the millions digit of 125893367?
5
What is the ten millions digit of 822902798?
2
What is the units digit of 398284173?
3
What is the ten thousands digit of 369856940?
5
What is the ten millions digit of 155071955?
5
What is the hundred millions digit of 484015165?
4
What is the thousands digit of 73298483?
8
What is the units digit of 9312323?
3
What is the hundred thousands digit of 431566522?
5
What is the hundreds digit of 28845155?
1
What is the ten millions digit of 1124283388?
2
What is the ten millions digit of 55531754?
5
What is the hundred millions digit of 749393750?
7
What is the ten millions digit of 33185896?
3
What is the hundred thousands digit of 1033125482?
1
What is the ten thousands digit of 2191526673?
2
What is the thousands digit of 736671197?
1
What is the hundred thousands digit of 314181846?
1
What is the units digit of 57882784?
4
What is the hundreds digit of 620013924?
9
What is the tens digit of 89384028?
2
What is the hundreds digit of 484232876?
8
What is the ten millions digit of 28166945?
2
What is the tens digit of 267598258?
5
What is the units digit of 1819095102?
2
What is the ten millions digit of 228136260?
2
What is the millions digit of 605687992?
5
What is the ten millions digit of 8244982873?
4
What is the thousands digit of 1544699151?
9
What is the millions digit of 272043956?
2
What is the ten millions digit of 73492586?
7
What is the ten millions digit of 141109901?
4
What is the units digit of 218912675?
5
What is the hundred millions digit of 2980340713?
9
What is the hundred millions digit of 163370762?
1
What is the ten millions digit of 528521198?
2
What is the tens digit of 206838103?
0
What is the ten millions digit of 31548482?
3
What is the ten thousands digit of 193164387?
6
What is the thousands digit of 219838180?
8
What is the tens digit of 43687005?
0
What is the hundred thousands digit of 64932817?
9
What is the millions digit of 364190533?
4
What is the tens digit of 403147432?
3
What is the ten millions digit of 75019745?
7
What is the ten millions digit of 785699574?
8
What is the hundreds digit of 113686753?
7
What is the units digit of 779423979?
9
What is the hundreds digit of 1298142683?
6
What is the ten thousands digit of 5157466710?
6
What is the millions digit of 383559577?
3
What is the hundreds digit of 23232672?
6
What is the ten millions digit of 120909077?
2
What is the ten thousands digit of 635337090?
3
What is the hundred thousands digit of 60808235?
8
What is the thousands digit of 42450764?
0
What is the ten thousands digit of 39259942?
5
What is the tens digit of 55600292?
9
What is the ten thousands digit of 96824?
9
What is the hundred thousands digit of 158599713?
5
What is the ten thousands digit of 18653631?
5
What is the ten millions digit of 639803735?
3
What is the hundred millions digit of 4558862715?
5
What is the thousands digit of 37220998?
0
What is the units digit of 1391797